{"id":35,"date":"2021-04-28T11:33:16","date_gmt":"2021-04-28T14:33:16","guid":{"rendered":"http:\/\/midoc.com.br\/?page_id=35"},"modified":"2021-04-28T11:33:17","modified_gmt":"2021-04-28T14:33:17","slug":"restauracao","status":"publish","type":"page","link":"https:\/\/midoc.com.br\/index.php\/restauracao\/","title":{"rendered":"Restaura\u00e7\u00e3o"},"content":{"rendered":"\n<h4 class=\"wp-block-heading\">RESTAURA\u00c7\u00c3O E PRESERVA\u00c7\u00c3O DE LIVROS E DOCUMENTOS<\/h4>\n\n\n\n<h4 class=\"wp-block-heading\">Traga de volta a hist\u00f3ria do seu acervo.<\/h4>\n\n\n\n<p>A MIDOC possui em seu quadro de colaboradores profissionais qualificados para enfrentar com zelo e dedica\u00e7\u00e3o toda a especificidade necess\u00e1ria na execu\u00e7\u00e3o do servi\u00e7o de restaura\u00e7\u00e3o, que por sua import\u00e2ncia art\u00edstica e hist\u00f3rica, \u00e9 para n\u00f3s, grande orgulho poder executar. Temos muita experi\u00eancia nesse ramo, sobretudo em Cart\u00f3rios, esses neg\u00f3cios possuem uma enorme demanda reprimida com documentos important\u00edssimos e carecem de assessoria e planejamento na gest\u00e3o de seus livros e documentos hist\u00f3ricos.<\/p>\n","protected":false},"excerpt":{"rendered":"<p>RESTAURA\u00c7\u00c3O E PRESERVA\u00c7\u00c3O DE LIVROS E DOCUMENTOS Traga de volta a hist\u00f3ria do seu acervo. A MIDOC possui em seu quadro de colaboradores profissionais qualificados para enfrentar com zelo e dedica\u00e7\u00e3o toda a especificidade necess\u00e1ria na execu\u00e7\u00e3o do servi\u00e7o de restaura\u00e7\u00e3o, que por sua import\u00e2ncia art\u00edstica e hist\u00f3rica, \u00e9 para n\u00f3s, grande orgulho poder executar. Temos muita experi\u00eancia nesse ramo, sobretudo em Cart\u00f3rios, esses neg\u00f3cios possuem uma enorme demanda reprimida com documentos important\u00edssimos e carecem de assessoria e planejamento na gest\u00e3o de seus livros e documentos hist\u00f3ricos.<\/p>\n","protected":false},"author":1,"featured_media":0,"parent":0,"menu_order":0,"comment_status":"closed","ping_status":"closed","template":"","meta":{"footnotes":""},"class_list":["post-35","page","type-page","status-publish"],"_links":{"self":[{"href":"https:\/\/midoc.com.br\/index.php\/wp-json\/wp\/v2\/pages\/35"}],"collection":[{"href":"https:\/\/midoc.com.br\/index.php\/wp-json\/wp\/v2\/pages"}],"about":[{"href":"https:\/\/midoc.com.br\/index.php\/wp-json\/wp\/v2\/types\/page"}],"author":[{"embeddable":true,"href":"https:\/\/midoc.com.br\/index.php\/wp-json\/wp\/v2\/users\/1"}],"replies":[{"embeddable":true,"href":"https:\/\/midoc.com.br\/index.php\/wp-json\/wp\/v2\/comments?post=35"}],"version-history":[{"count":1,"href":"https:\/\/midoc.com.br\/index.php\/wp-json\/wp\/v2\/pages\/35\/revisions"}],"predecessor-version":[{"id":36,"href":"https:\/\/midoc.com.br\/index.php\/wp-json\/wp\/v2\/pages\/35\/revisions\/36"}],"wp:attachment":[{"href":"https:\/\/midoc.com.br\/index.php\/wp-json\/wp\/v2\/media?parent=35"}],"curies":[{"name":"wp","href":"https:\/\/api.w.org\/{rel}","templated":true}]}}